e prime factors of f?
83, 491
Let g(x) = 14*x + 126. Let w be g(-19). Let u = -936 + 637. Let s = w - u. What are the prime factors of s?
3, 53
Let n be -4 + 85/25 - 26/(-10). Suppose -n*b + 4*b - 2*s = 422, -4*s = 5*b - 1100. What are the prime factors of b?
2, 3
Let t(s) = 9*s**3 - 2*s**2 - 6*s + 7. Let q(f) = f**3 - f + 1. Let x(p) = 6*q(p) - t(p). Let l be x(-1). List the prime factors of 828/24 + 6/l.
2, 3
Suppose -4 = 2*d + 3*x, 0 = -4*x - 0 - 16. Suppose d*y - 262 = 5*g, -5*y - 5*g + 325 = -10*g. List the prime factors of y.
3, 7
Suppose 1145 = 7*q - 1193. Suppose q = 7*b - 317. Let u = 13 + b. List the prime factors of u.
2, 53
Suppose 20*m + 33*m = -m + 994572. List the prime factors of m.
2, 9209
Suppose 5*h + 2*d + 2*d - 1328 = 0, 0 = -4*d - 12. Suppose 0*f + 188 = f. Let m = h - f. List the prime factors of m.
2, 5
Let x(g) = -71*g**3 + 2*g**2 - 11*g + 14. List the prime factors of x(-4).
2, 7, 331
Let a = -32753 - -59924. What are the prime factors of a?
3, 3019
Suppose -2*g = -30*g + 112. Suppose 3*u = u + 5*b + 1233, -2458 = -g*u + 2*b. What are the prime factors of u?
2, 307
Let l(a) = a**3 + 8*a**2 - 11*a - 17. Let d be l(-9). List the prime factors of (d - -197) + 1 + 1 + -7.
193
Let a be ((-307)/(-7))/((-11)/(-77)). Suppose -3*d = 2*k - a, 0 = k - 16 + 20. List the prime factors of d.
3, 5, 7
List the prime factors of -30 + 2268 - (8 - 4).
2, 1117
Suppose -5*k + 8181 = 2*t - 1937, 2*k + 5*t - 4022 = 0. List the prime factors of k.
2, 1013
Suppose 3930 - 42489 - 21795 = -18*j. List the prime factors of j.
7, 479
Let y(l) = 2*l**2 + l + 327. What are the prime factors of y(-59)?
2, 3, 5, 241
Suppose 85*x - 181*x + 1314204 = -1478532. List the prime factors of x.
3, 9697
Let m = -61103 - -88003. What are the prime factors of m?
2, 5, 269
Let x be (-200)/6*(-5 - 1). Let c be 5*((-48)/40)/(-3). Suppose 4*o = c*o + x. List the prime factors of o.
2, 5
Let z be 6/(-5)*180/(-54). Suppose 5*s - z*q - 111 = 0, 4*s - 41 = -2*q + 27. What are the prime factors of s?
19
Let z be 4/3 + (-44)/(-66). Let d(u) = 17 + 15 + 8*u**z - 14*u - 35. List the prime factors of d(-4).
181
Let u(x) = -x**3 - 23*x**2 + x + 10232. List the prime factors of u(0).
2, 1279
Let z(b) = 32*b**3 - 6*b**2 + 26*b - 143. What are the prime factors of z(5)?
3, 1279
Suppose 0 = 3*d - 4*u + 19 + 5, 0 = -2*u + 6. List the prime factors of d/(-108)*-3 + (-33170)/(-45).
11, 67
Let k = 4121 + -3684. What are the prime factors of k?
19, 23
Suppose 0*h - 167 = -2*h - 3*o, 0 = h - 3*o - 97. Suppose b - 3*w + 23 = 0, 41*b + w = 44*b + 69. Let n = h - b. What are the prime factors of n?
3, 37
Suppose 2*a - o = 3*o + 30, 4*a - 3*o = 50. Suppose 13*f - a*f + 328 = 0. List the prime factors of (f/10 - -2)*-5.
2, 3
Let w(z) = 5*z**2 + 4*z - 36. Let t be w(-17). Let g = t - 678. List the prime factors of g.
3, 13, 17
Let z be 13/((-65)/(-3742)) - (-3)/5. Let c = z - 519. List the prime factors of c.
2, 5, 23
Suppose -300 = -20*i + 25*i. Let y = 129 + i. Let d = 132 - y. List the prime factors of d.
3, 7
Let a(o) = -o**3 - 103*o**2 - 224*o + 32. List the prime factors of a(-101).
2, 7, 23
Let k be 3*(1*-5)/((-15)/10). Suppose k*o - 18*o - 96 = 0. List the prime factors of (-2 + 2)/(-6 + 3) - o.
2, 3
Suppose -17 + 17 = -z. Suppose z = -5*k - 2*w + 1204, -3*k = -w - 4*w - 710. List the prime factors of k.
2, 3, 5
Let w = 1687 - 1701. Let l(y) = -8*y + y + y - 30. What are the prime factors of l(w)?
2, 3
Let y = -4266 - -6752. Suppose -14*f + 12*f = -y. What are the prime factors of f?
11, 113
Let s(x) = 3*x**2 + x - 12. Let r be s(-5). What are the prime factors of (r/6)/(5/195)?
13, 29
Suppose 709529 = 86*j + 148707 - 1313806. List the prime factors of j.
2, 3, 7, 173
Let c = 31 + -28. Suppose -3 = -c*g + 21. List the prime factors of (-5)/20 + 458/g.
3, 19
Suppose -127*s = 16321 - 154370. List the prime factors of s.
1087
Let u be (-1)/(5/5) - 21. Let c be (-18)/(-99) + 3436/u. List the prime factors of (211/(-5))/(5 - c/(-30)).
211
List the prime factors of -2*(-8)/(-64)*-652.
163
Suppose 3*d + 5*u + 143 = -70, -4*u - 292 = 4*d. Let c = d - -157. What are the prime factors of c?
3
Let q(n) be the first derivative of -4*n + 6 - 15/2*n**2. List the prime factors of q(-4).
2, 7
Suppose -40*o = -28*o + 12. List the prime factors of 198/(o*15/(-10)).
2, 3, 11
Suppose 2*g = -13 - 1. Let i = g + 62. Suppose -v - i + 77 = 0. What are the prime factors of v?
2, 11
What are the prime factors of (-13)/(-65) + (-2 - (-56)/20) + 17862?
17863
Suppose w + 3*h = 1, 3*w = 4*w + 5*h + 1. Suppose 0*c - 5*q + 21 = 2*c, 0 = 3*c + w*q - 21. Let m(j) = 3*j**2 - 3*j + 1. What are the prime factors of m(c)?
19
Let u be (-71 - 373) + 1 + -5. Let q = u - -555. What are the prime factors of q?
107
Let w = 135 - 123. What are the prime factors of ((-18)/w)/((-3)/1172)?
2, 293
Let x = -6534 - -56933. List the prime factors of x.
101, 499
Let f = 535 + -529. Let i(o) = 4*o**3 - 13*o**2 - 5*o + 16. What are the prime factors of i(f)?
2, 191
Let y be 1/(-3)*(-12)/(-2). Suppose 0 = 3*c - 553 - 1532. List the prime factors of y/4 + c/10.
3, 23
Let w = 608 - 373. Suppose -7*r + w = -647. Suppose -4*p - r = -10*p. List the prime factors of p.
3, 7
Suppose -5*j = -2*n - 1104, -3*j + n + 809 = 147. Let u = 454 - j. Suppose d - 5*d - 390 = -5*t, 0 = -3*t + d + u. List the prime factors of t.
2, 3, 13
Suppose -374 = -8*y + 2986. Let t = -291 + y. What are the prime factors of t?
3, 43
List the prime factors of ((-40)/(-3) + -14)/(2 - (-150832)/(-75414)).
12569
Suppose -o + 1864 = 3*s, -3*o + 8*s = 7*s - 5552. Suppose 3*m + 2*w - o = 0, 12*m + 4*w = 11*m + 624. What are the prime factors of m?
2, 7, 11
Let q = -1 + 8. Let y(m) = m**3 + 7*m**2 + 4. Let g(k) = 3*k**3 + 21*k**2 - k + 12. Let s(l) = q*y(l) - 2*g(l). List the prime factors of s(-6).
2, 7
Let j = -126 + 126. Suppose j*n + 313 = n. Suppose -6*b + 1043 = -n. What are the prime factors of b?
2, 113
Let h(m) = 19419*m**2 + 1260*m + 1. What are the prime factors of h(-2)?
17, 4421
Suppose -7*g + 220 = -29*g. What are the prime factors of ((-302)/(-10) - 2) + 2/g?
2, 7
Suppose 17*w = 82 - 14. Suppose o + 292 = -2*f + 1106, 4*f - 3272 = -w*o. List the prime factors of o.
2, 3, 137
Suppose 2*j = -0*j - 26. Let c = j - 18. Let l = 27 - c. What are the prime factors of l?
2, 29
Suppose 0 = -4*v - 3*u + 622, 4*v + 0*u + u - 626 = 0. Let d be -2 + v + 16/(-4). Let c = d - 88. What are the prime factors of c?
3, 7
Let w(n) = -19*n + 125. Let b be w(22). Let v = b - -665. What are the prime factors of v?
2, 3, 31
Let i(c) = -c - 3. Let v be i(-3). Suppose 5*x - 25 - 15 = v. What are the prime factors of (-1615)/(-65) - x/(-52)?
5
Let h(s) = -2*s**2 + 48*s. Let t be h(24). Suppose -148*i + 156*i - 1928 = t. What are the prime factors of i?
241
Suppose 916 = 3*x - 446. Suppose -8*d - x = -2*u - 3*d, -228 = -u + 2*d. List the prime factors of u.
2, 29
Suppose 316 + 239 = -5*a. Let p(f) = 38*f + 1196. Let z be p(-33). Let q = z - a. List the prime factors of q.
53
Let u(i) = -1340*i + 55. Let h be u(14). List the prime factors of h/(-18) + 3/(-18).
1039
Let p be (-4)/(5 - (3 - 28/(-12))). Suppose 0 = j + 3*x - 373, 9*x - p*x + 1456 = 4*j. What are the prime factors of j?
19
Let g = 984 - 189. List the prime factors of g.
3, 5, 53
Let f(z) = z**3 + 7*z**2 + 10*z + 5. Let t = 55 - 60. Let q be f(t). List the prime factors of 46/q - (-4)/(-20).
3
Let v = -14824 - -24910. List the prime factors of 9/144*-6 + v/16.
2, 3, 5, 7
Suppose -5794 = 4*g - 62206. List the prime factors of g.
3, 1567
Let c = -269 - -271. What are the prime factors of 1/(c + (-618)/312)?
2, 13
Suppose 0 = -m + 5*q - 17, 5*m + 11 + 30 = 3*q. What are the prime factors of 3884/10 + (m - 198/(-30))?
2, 97
Let o = -26 - -21. Let n(t) = -3*t + 3*t**2 - 10 + 2*t - 2*t. List the prime factors of n(o).
2, 5
List the prime factors of (143/(-4) + 2)/(128/(-21504)).
2, 3, 5, 7
Let j(a) = -a**3 + 16*a**2 + 12*a + 87. Let o be j(17). Suppose -7 - 557 = -o*z. What are the prime factors of z?
2, 3, 47
What are the prime factors of 11 - 195392/(-20) - (-14)/10?
2, 67, 73
Suppose -65*c = 70*c - 37230 - 39450. List the prime factors of c.
2, 71
Suppose 0*m - 154946 + 50550 = -4*m. List the prime factors of m.
26099
Suppose 5